{"id":138795,"date":"2026-04-28T11:58:49","date_gmt":"2026-04-28T09:58:49","guid":{"rendered":"https:\/\/webshopdistricoscom.webhosting.be\/product\/daylight-led-duo-pro-lampe-de-manucure-ref-8455-72\/"},"modified":"2026-04-28T11:58:52","modified_gmt":"2026-04-28T09:58:52","slug":"daylight-led-duo-pro-lampe-de-manucure-ref-8455-72","status":"publish","type":"product","link":"https:\/\/districos.standingout.be\/fr\/product\/daylight-led-duo-pro-lampe-de-manucure-ref-8455-72\/","title":{"rendered":"Daylight LED Duo Pro Lampe de Manucure"},"content":{"rendered":"<p >\n<\/p>\n<\/p>\n<\/p>\n<p data-start=\"40\" data-end=\"196\"><b>Gr\u00e2ce \u00e0 son design \u00e0 double abat-jour, la Duo Pro maximise votre surface de travail \u00e9clair\u00e9e et offre une excellente clart\u00e9 ainsi qu\u2019une grande pr\u00e9cision.<\/b><\/p>\n<p dir=\"ltr\">\n<p data-start=\"201\" data-end=\"583\">Lampe de travail LED \u00e9l\u00e9gante et flexible, au design moderne et \u00e0 la finition soign\u00e9e. La Duo Pro est \u00e9quip\u00e9e de deux bras r\u00e9glables ind\u00e9pendamment, chacun dot\u00e9 de 28 LED offrant un \u00e9clairage clair et uniforme.<br data-start=\"411\" data-end=\"414\"> Chaque bras dispose de son propre variateur \u00e0 quatre niveaux de luminosit\u00e9, vous permettant d\u2019adapter la lumi\u00e8re \u00e0 vos besoins.<br data-start=\"541\" data-end=\"544\"> <span data-start=\"544\" data-end=\"583\">Id\u00e9ale pour une table de manucure !<\/span><\/p>\n<p dir=\"ltr\"><b> Caract\u00e9ristiques :<\/b><\/p>\n<ul>\n<li>Source lumineuse : 2 x 28 lampes LED claires de 28 cm de longeur<\/li>\n<li>IRC (Indice de rendu des couleurs) : 95+<\/li>\n<li>Variateur : 4 niveaux d\u2019intensit\u00e9<\/li>\n<li>Bras flexible pour un d\u00e9placement souple de la lumi\u00e8re<\/li>\n<li>Port\u00e9e du bras : 37 cm<\/li>\n<li>Poids : 0.8 kg<\/li>\n<li>Temp\u00e9rature : 6000 K<\/li>\n<li>Puissance lumineuse : 2900 lux \u00e0 30 cm<\/li>\n<li><span>Basse consommation : 13 W<\/span><\/li>\n<\/ul><\/p>\n","protected":false},"excerpt":{"rendered":"<p>Gr\u00e2ce \u00e0 son design \u00e0 double abat-jour, la Duo Pro maximise votre surface de travail \u00e9clair\u00e9e et offre une excellente clart\u00e9 ainsi qu\u2019une grande pr\u00e9cision. Lampe de travail LED \u00e9l\u00e9gante et flexible, au design moderne et \u00e0 la finition soign\u00e9e. La Duo Pro est \u00e9quip\u00e9e de deux bras r\u00e9glables ind\u00e9pendamment, chacun dot\u00e9 de 28 LED [&hellip;]<\/p>\n","protected":false},"featured_media":148132,"comment_status":"open","ping_status":"closed","template":"","meta":{"_acf_changed":false},"product_brand":[10366],"product_cat":[9862],"product_tag":[],"class_list":{"0":"post-138795","1":"product","2":"type-product","3":"status-publish","4":"has-post-thumbnail","6":"product_brand-daylight-fr","7":"product_cat-beaute-visage-equipement","9":"first","10":"instock","11":"taxable","12":"shipping-taxable","13":"product-type-simple"},"acf":[],"yoast_head":"<!-- This site is optimized with the Yoast SEO plugin v27.3 - https:\/\/yoast.com\/product\/yoast-seo-wordpress\/ -->\n<title>Daylight LED Duo Pro Lampe de Manucure - Districos Webshop<\/title>\n<meta name=\"robots\" content=\"noindex, follow, max-snippet:-1, max-image-preview:large, max-video-preview:-1\" \/>\n<meta property=\"og:locale\" content=\"fr_FR\" \/>\n<meta property=\"og:type\" content=\"article\" \/>\n<meta property=\"og:title\" content=\"Daylight LED Duo Pro Lampe de Manucure - Districos Webshop\" \/>\n<meta property=\"og:description\" content=\"Gr\u00e2ce \u00e0 son design \u00e0 double abat-jour, la Duo Pro maximise votre surface de travail \u00e9clair\u00e9e et offre une excellente clart\u00e9 ainsi qu\u2019une grande pr\u00e9cision. Lampe de travail LED \u00e9l\u00e9gante et flexible, au design moderne et \u00e0 la finition soign\u00e9e. La Duo Pro est \u00e9quip\u00e9e de deux bras r\u00e9glables ind\u00e9pendamment, chacun dot\u00e9 de 28 LED [&hellip;]\" \/>\n<meta property=\"og:url\" content=\"https:\/\/districos.standingout.be\/fr\/product\/daylight-led-duo-pro-lampe-de-manucure-ref-8455-72\/\" \/>\n<meta property=\"og:site_name\" content=\"Districos Webshop\" \/>\n<meta property=\"article:modified_time\" content=\"2026-04-28T09:58:52+00:00\" \/>\n<meta name=\"twitter:card\" content=\"summary_large_image\" \/>\n<meta name=\"twitter:label1\" content=\"Dur\u00e9e de lecture estim\u00e9e\" \/>\n\t<meta name=\"twitter:data1\" content=\"1 minute\" \/>\n<script type=\"application\/ld+json\" class=\"yoast-schema-graph\">{\"@context\":\"https:\\\/\\\/schema.org\",\"@graph\":[{\"@type\":\"WebPage\",\"@id\":\"https:\\\/\\\/districos.standingout.be\\\/fr\\\/product\\\/daylight-led-duo-pro-lampe-de-manucure-ref-8455-72\\\/\",\"url\":\"https:\\\/\\\/districos.standingout.be\\\/fr\\\/product\\\/daylight-led-duo-pro-lampe-de-manucure-ref-8455-72\\\/\",\"name\":\"Daylight LED Duo Pro Lampe de Manucure - Districos Webshop\",\"isPartOf\":{\"@id\":\"https:\\\/\\\/districos.standingout.be\\\/fr\\\/#website\"},\"primaryImageOfPage\":{\"@id\":\"https:\\\/\\\/districos.standingout.be\\\/fr\\\/product\\\/daylight-led-duo-pro-lampe-de-manucure-ref-8455-72\\\/#primaryimage\"},\"image\":{\"@id\":\"https:\\\/\\\/districos.standingout.be\\\/fr\\\/product\\\/daylight-led-duo-pro-lampe-de-manucure-ref-8455-72\\\/#primaryimage\"},\"thumbnailUrl\":\"https:\\\/\\\/districos.standingout.be\\\/wp-content\\\/uploads\\\/2026\\\/04\\\/8455.72@Daylight-LED-Duo-Pro-Manicurelamp_1-1.png\",\"datePublished\":\"2026-04-28T09:58:49+00:00\",\"dateModified\":\"2026-04-28T09:58:52+00:00\",\"breadcrumb\":{\"@id\":\"https:\\\/\\\/districos.standingout.be\\\/fr\\\/product\\\/daylight-led-duo-pro-lampe-de-manucure-ref-8455-72\\\/#breadcrumb\"},\"inLanguage\":\"fr-FR\",\"potentialAction\":[{\"@type\":\"ReadAction\",\"target\":[\"https:\\\/\\\/districos.standingout.be\\\/fr\\\/product\\\/daylight-led-duo-pro-lampe-de-manucure-ref-8455-72\\\/\"]}]},{\"@type\":\"ImageObject\",\"inLanguage\":\"fr-FR\",\"@id\":\"https:\\\/\\\/districos.standingout.be\\\/fr\\\/product\\\/daylight-led-duo-pro-lampe-de-manucure-ref-8455-72\\\/#primaryimage\",\"url\":\"https:\\\/\\\/districos.standingout.be\\\/wp-content\\\/uploads\\\/2026\\\/04\\\/8455.72@Daylight-LED-Duo-Pro-Manicurelamp_1-1.png\",\"contentUrl\":\"https:\\\/\\\/districos.standingout.be\\\/wp-content\\\/uploads\\\/2026\\\/04\\\/8455.72@Daylight-LED-Duo-Pro-Manicurelamp_1-1.png\",\"width\":600,\"height\":600},{\"@type\":\"BreadcrumbList\",\"@id\":\"https:\\\/\\\/districos.standingout.be\\\/fr\\\/product\\\/daylight-led-duo-pro-lampe-de-manucure-ref-8455-72\\\/#breadcrumb\",\"itemListElement\":[{\"@type\":\"ListItem\",\"position\":1,\"name\":\"Home\",\"item\":\"https:\\\/\\\/districos.standingout.be\\\/fr\\\/bienvenue-chez-districos\\\/\"},{\"@type\":\"ListItem\",\"position\":2,\"name\":\"Boutique\",\"item\":\"https:\\\/\\\/districos.standingout.be\\\/fr\\\/boutique\\\/\"},{\"@type\":\"ListItem\",\"position\":3,\"name\":\"Daylight LED Duo Pro Lampe de Manucure\"}]},{\"@type\":\"WebSite\",\"@id\":\"https:\\\/\\\/districos.standingout.be\\\/fr\\\/#website\",\"url\":\"https:\\\/\\\/districos.standingout.be\\\/fr\\\/\",\"name\":\"Districos Webshop\",\"description\":\"\",\"publisher\":{\"@id\":\"https:\\\/\\\/districos.standingout.be\\\/fr\\\/#organization\"},\"potentialAction\":[{\"@type\":\"SearchAction\",\"target\":{\"@type\":\"EntryPoint\",\"urlTemplate\":\"https:\\\/\\\/districos.standingout.be\\\/fr\\\/?s={search_term_string}\"},\"query-input\":{\"@type\":\"PropertyValueSpecification\",\"valueRequired\":true,\"valueName\":\"search_term_string\"}}],\"inLanguage\":\"fr-FR\"},{\"@type\":\"Organization\",\"@id\":\"https:\\\/\\\/districos.standingout.be\\\/fr\\\/#organization\",\"name\":\"Districos Webshop\",\"url\":\"https:\\\/\\\/districos.standingout.be\\\/fr\\\/\",\"logo\":{\"@type\":\"ImageObject\",\"inLanguage\":\"fr-FR\",\"@id\":\"https:\\\/\\\/districos.standingout.be\\\/fr\\\/#\\\/schema\\\/logo\\\/image\\\/\",\"url\":\"https:\\\/\\\/districos.standingout.be\\\/wp-content\\\/uploads\\\/2022\\\/09\\\/Districos_Logo_Webshop.svg\",\"contentUrl\":\"https:\\\/\\\/districos.standingout.be\\\/wp-content\\\/uploads\\\/2022\\\/09\\\/Districos_Logo_Webshop.svg\",\"caption\":\"Districos Webshop\"},\"image\":{\"@id\":\"https:\\\/\\\/districos.standingout.be\\\/fr\\\/#\\\/schema\\\/logo\\\/image\\\/\"}}]}<\/script>\n<!-- \/ Yoast SEO plugin. -->","yoast_head_json":{"title":"Daylight LED Duo Pro Lampe de Manucure - Districos Webshop","robots":{"index":"noindex","follow":"follow","max-snippet":"max-snippet:-1","max-image-preview":"max-image-preview:large","max-video-preview":"max-video-preview:-1"},"og_locale":"fr_FR","og_type":"article","og_title":"Daylight LED Duo Pro Lampe de Manucure - Districos Webshop","og_description":"Gr\u00e2ce \u00e0 son design \u00e0 double abat-jour, la Duo Pro maximise votre surface de travail \u00e9clair\u00e9e et offre une excellente clart\u00e9 ainsi qu\u2019une grande pr\u00e9cision. Lampe de travail LED \u00e9l\u00e9gante et flexible, au design moderne et \u00e0 la finition soign\u00e9e. La Duo Pro est \u00e9quip\u00e9e de deux bras r\u00e9glables ind\u00e9pendamment, chacun dot\u00e9 de 28 LED [&hellip;]","og_url":"https:\/\/districos.standingout.be\/fr\/product\/daylight-led-duo-pro-lampe-de-manucure-ref-8455-72\/","og_site_name":"Districos Webshop","article_modified_time":"2026-04-28T09:58:52+00:00","twitter_card":"summary_large_image","twitter_misc":{"Dur\u00e9e de lecture estim\u00e9e":"1 minute"},"schema":{"@context":"https:\/\/schema.org","@graph":[{"@type":"WebPage","@id":"https:\/\/districos.standingout.be\/fr\/product\/daylight-led-duo-pro-lampe-de-manucure-ref-8455-72\/","url":"https:\/\/districos.standingout.be\/fr\/product\/daylight-led-duo-pro-lampe-de-manucure-ref-8455-72\/","name":"Daylight LED Duo Pro Lampe de Manucure - Districos Webshop","isPartOf":{"@id":"https:\/\/districos.standingout.be\/fr\/#website"},"primaryImageOfPage":{"@id":"https:\/\/districos.standingout.be\/fr\/product\/daylight-led-duo-pro-lampe-de-manucure-ref-8455-72\/#primaryimage"},"image":{"@id":"https:\/\/districos.standingout.be\/fr\/product\/daylight-led-duo-pro-lampe-de-manucure-ref-8455-72\/#primaryimage"},"thumbnailUrl":"https:\/\/districos.standingout.be\/wp-content\/uploads\/2026\/04\/8455.72@Daylight-LED-Duo-Pro-Manicurelamp_1-1.png","datePublished":"2026-04-28T09:58:49+00:00","dateModified":"2026-04-28T09:58:52+00:00","breadcrumb":{"@id":"https:\/\/districos.standingout.be\/fr\/product\/daylight-led-duo-pro-lampe-de-manucure-ref-8455-72\/#breadcrumb"},"inLanguage":"fr-FR","potentialAction":[{"@type":"ReadAction","target":["https:\/\/districos.standingout.be\/fr\/product\/daylight-led-duo-pro-lampe-de-manucure-ref-8455-72\/"]}]},{"@type":"ImageObject","inLanguage":"fr-FR","@id":"https:\/\/districos.standingout.be\/fr\/product\/daylight-led-duo-pro-lampe-de-manucure-ref-8455-72\/#primaryimage","url":"https:\/\/districos.standingout.be\/wp-content\/uploads\/2026\/04\/8455.72@Daylight-LED-Duo-Pro-Manicurelamp_1-1.png","contentUrl":"https:\/\/districos.standingout.be\/wp-content\/uploads\/2026\/04\/8455.72@Daylight-LED-Duo-Pro-Manicurelamp_1-1.png","width":600,"height":600},{"@type":"BreadcrumbList","@id":"https:\/\/districos.standingout.be\/fr\/product\/daylight-led-duo-pro-lampe-de-manucure-ref-8455-72\/#breadcrumb","itemListElement":[{"@type":"ListItem","position":1,"name":"Home","item":"https:\/\/districos.standingout.be\/fr\/bienvenue-chez-districos\/"},{"@type":"ListItem","position":2,"name":"Boutique","item":"https:\/\/districos.standingout.be\/fr\/boutique\/"},{"@type":"ListItem","position":3,"name":"Daylight LED Duo Pro Lampe de Manucure"}]},{"@type":"WebSite","@id":"https:\/\/districos.standingout.be\/fr\/#website","url":"https:\/\/districos.standingout.be\/fr\/","name":"Districos Webshop","description":"","publisher":{"@id":"https:\/\/districos.standingout.be\/fr\/#organization"},"potentialAction":[{"@type":"SearchAction","target":{"@type":"EntryPoint","urlTemplate":"https:\/\/districos.standingout.be\/fr\/?s={search_term_string}"},"query-input":{"@type":"PropertyValueSpecification","valueRequired":true,"valueName":"search_term_string"}}],"inLanguage":"fr-FR"},{"@type":"Organization","@id":"https:\/\/districos.standingout.be\/fr\/#organization","name":"Districos Webshop","url":"https:\/\/districos.standingout.be\/fr\/","logo":{"@type":"ImageObject","inLanguage":"fr-FR","@id":"https:\/\/districos.standingout.be\/fr\/#\/schema\/logo\/image\/","url":"https:\/\/districos.standingout.be\/wp-content\/uploads\/2022\/09\/Districos_Logo_Webshop.svg","contentUrl":"https:\/\/districos.standingout.be\/wp-content\/uploads\/2022\/09\/Districos_Logo_Webshop.svg","caption":"Districos Webshop"},"image":{"@id":"https:\/\/districos.standingout.be\/fr\/#\/schema\/logo\/image\/"}}]}},"_links":{"self":[{"href":"https:\/\/districos.standingout.be\/fr\/wp-json\/wp\/v2\/product\/138795","targetHints":{"allow":["GET"]}}],"collection":[{"href":"https:\/\/districos.standingout.be\/fr\/wp-json\/wp\/v2\/product"}],"about":[{"href":"https:\/\/districos.standingout.be\/fr\/wp-json\/wp\/v2\/types\/product"}],"replies":[{"embeddable":true,"href":"https:\/\/districos.standingout.be\/fr\/wp-json\/wp\/v2\/comments?post=138795"}],"wp:featuredmedia":[{"embeddable":true,"href":"https:\/\/districos.standingout.be\/fr\/wp-json\/wp\/v2\/media\/148132"}],"wp:attachment":[{"href":"https:\/\/districos.standingout.be\/fr\/wp-json\/wp\/v2\/media?parent=138795"}],"wp:term":[{"taxonomy":"product_brand","embeddable":true,"href":"https:\/\/districos.standingout.be\/fr\/wp-json\/wp\/v2\/product_brand?post=138795"},{"taxonomy":"product_cat","embeddable":true,"href":"https:\/\/districos.standingout.be\/fr\/wp-json\/wp\/v2\/product_cat?post=138795"},{"taxonomy":"product_tag","embeddable":true,"href":"https:\/\/districos.standingout.be\/fr\/wp-json\/wp\/v2\/product_tag?post=138795"}],"curies":[{"name":"wp","href":"https:\/\/api.w.org\/{rel}","templated":true}]}}

<p >
</p>
</p>
</p>
<p data-start="40" data-end="196"><b>Grâce à son design à double abat-jour, la Duo Pro maximise votre surface de travail éclairée et offre une excellente clarté ainsi qu’une grande précision.</b></p>
<p dir="ltr">
<p data-start="201" data-end="583">Lampe de travail LED élégante et flexible, au design moderne et à la finition soignée. La Duo Pro est équipée de deux bras réglables indépendamment, chacun doté de 28 LED offrant un éclairage clair et uniforme.<br data-start="411" data-end="414"> Chaque bras dispose de son propre variateur à quatre niveaux de luminosité, vous permettant d’adapter la lumière à vos besoins.<br data-start="541" data-end="544"> <span data-start="544" data-end="583">Idéale pour une table de manucure !</span></p>
<p dir="ltr"><b> Caractéristiques :</b></p>
<ul>
<li>Source lumineuse : 2 x 28 lampes LED claires de 28 cm de longeur</li>
<li>IRC (Indice de rendu des couleurs) : 95+</li>
<li>Variateur : 4 niveaux d’intensité</li>
<li>Bras flexible pour un déplacement souple de la lumière</li>
<li>Portée du bras : 37 cm</li>
<li>Poids : 0.8 kg</li>
<li>Température : 6000 K</li>
<li>Puissance lumineuse : 2900 lux à 30 cm</li>
<li><span>Basse consommation : 13 W</span></li>
</ul></p>

<p>Grâce à son design à double abat-jour, la Duo Pro maximise votre surface de travail éclairée et offre une excellente clarté ainsi qu’une grande précision. Lampe de travail LED élégante et flexible, au design moderne et à la finition soignée. La Duo Pro est équipée de deux bras réglables indépendamment, chacun doté de 28 LED [&hellip;]</p>

<!-- This site is optimized with the Yoast SEO plugin v27.3 - https://yoast.com/product/yoast-seo-wordpress/ -->
<title>Daylight LED Duo Pro Lampe de Manucure - Districos Webshop</title>
<meta name="robots" content="noindex, follow, max-snippet:-1, max-image-preview:large, max-video-preview:-1" />
<meta property="og:locale" content="fr_FR" />
<meta property="og:type" content="article" />
<meta property="og:title" content="Daylight LED Duo Pro Lampe de Manucure - Districos Webshop" />
<meta property="og:description" content="Grâce à son design à double abat-jour, la Duo Pro maximise votre surface de travail éclairée et offre une excellente clarté ainsi qu’une grande précision. Lampe de travail LED élégante et flexible, au design moderne et à la finition soignée. La Duo Pro est équipée de deux bras réglables indépendamment, chacun doté de 28 LED [&hellip;]" />
<meta property="og:url" content="https://districos.standingout.be/fr/product/daylight-led-duo-pro-lampe-de-manucure-ref-8455-72/" />
<meta property="og:site_name" content="Districos Webshop" />
<meta property="article:modified_time" content="2026-04-28T09:58:52+00:00" />
<meta name="twitter:card" content="summary_large_image" />
<meta name="twitter:label1" content="Durée de lecture estimée" />
	<meta name="twitter:data1" content="1 minute" />
<script type="application/ld+json" class="yoast-schema-graph">{"@context":"https:\/\/schema.org","@graph":[{"@type":"WebPage","@id":"https:\/\/districos.standingout.be\/fr\/product\/daylight-led-duo-pro-lampe-de-manucure-ref-8455-72\/","url":"https:\/\/districos.standingout.be\/fr\/product\/daylight-led-duo-pro-lampe-de-manucure-ref-8455-72\/","name":"Daylight LED Duo Pro Lampe de Manucure - Districos Webshop","isPartOf":{"@id":"https:\/\/districos.standingout.be\/fr\/#website"},"primaryImageOfPage":{"@id":"https:\/\/districos.standingout.be\/fr\/product\/daylight-led-duo-pro-lampe-de-manucure-ref-8455-72\/#primaryimage"},"image":{"@id":"https:\/\/districos.standingout.be\/fr\/product\/daylight-led-duo-pro-lampe-de-manucure-ref-8455-72\/#primaryimage"},"thumbnailUrl":"https:\/\/districos.standingout.be\/wp-content\/uploads\/2026\/04\/8455.72@Daylight-LED-Duo-Pro-Manicurelamp_1-1.png","datePublished":"2026-04-28T09:58:49+00:00","dateModified":"2026-04-28T09:58:52+00:00","breadcrumb":{"@id":"https:\/\/districos.standingout.be\/fr\/product\/daylight-led-duo-pro-lampe-de-manucure-ref-8455-72\/#breadcrumb"},"inLanguage":"fr-FR","potentialAction":[{"@type":"ReadAction","target":["https:\/\/districos.standingout.be\/fr\/product\/daylight-led-duo-pro-lampe-de-manucure-ref-8455-72\/"]}]},{"@type":"ImageObject","inLanguage":"fr-FR","@id":"https:\/\/districos.standingout.be\/fr\/product\/daylight-led-duo-pro-lampe-de-manucure-ref-8455-72\/#primaryimage","url":"https:\/\/districos.standingout.be\/wp-content\/uploads\/2026\/04\/8455.72@Daylight-LED-Duo-Pro-Manicurelamp_1-1.png","contentUrl":"https:\/\/districos.standingout.be\/wp-content\/uploads\/2026\/04\/8455.72@Daylight-LED-Duo-Pro-Manicurelamp_1-1.png","width":600,"height":600},{"@type":"BreadcrumbList","@id":"https:\/\/districos.standingout.be\/fr\/product\/daylight-led-duo-pro-lampe-de-manucure-ref-8455-72\/#breadcrumb","itemListElement":[{"@type":"ListItem","position":1,"name":"Home","item":"https:\/\/districos.standingout.be\/fr\/bienvenue-chez-districos\/"},{"@type":"ListItem","position":2,"name":"Boutique","item":"https:\/\/districos.standingout.be\/fr\/boutique\/"},{"@type":"ListItem","position":3,"name":"Daylight LED Duo Pro Lampe de Manucure"}]},{"@type":"WebSite","@id":"https:\/\/districos.standingout.be\/fr\/#website","url":"https:\/\/districos.standingout.be\/fr\/","name":"Districos Webshop","description":"","publisher":{"@id":"https:\/\/districos.standingout.be\/fr\/#organization"},"potentialAction":[{"@type":"SearchAction","target":{"@type":"EntryPoint","urlTemplate":"https:\/\/districos.standingout.be\/fr\/?s={search_term_string}"},"query-input":{"@type":"PropertyValueSpecification","valueRequired":true,"valueName":"search_term_string"}}],"inLanguage":"fr-FR"},{"@type":"Organization","@id":"https:\/\/districos.standingout.be\/fr\/#organization","name":"Districos Webshop","url":"https:\/\/districos.standingout.be\/fr\/","logo":{"@type":"ImageObject","inLanguage":"fr-FR","@id":"https:\/\/districos.standingout.be\/fr\/#\/schema\/logo\/image\/","url":"https:\/\/districos.standingout.be\/wp-content\/uploads\/2022\/09\/Districos_Logo_Webshop.svg","contentUrl":"https:\/\/districos.standingout.be\/wp-content\/uploads\/2022\/09\/Districos_Logo_Webshop.svg","caption":"Districos Webshop"},"image":{"@id":"https:\/\/districos.standingout.be\/fr\/#\/schema\/logo\/image\/"}}]}</script>
<!-- / Yoast SEO plugin. -->

Grâce à son design à double abat-jour, la Duo Pro maximise votre surface de travail éclairée et offre une excellente clarté ainsi qu’une grande précision. Lampe de travail LED élégante et flexible, au design moderne et à la finition soignée. La Duo Pro est équipée de deux bras réglables indépendamment, chacun doté de 28 LED [&hellip;]
