{"id":141767,"date":"2026-04-28T13:05:25","date_gmt":"2026-04-28T11:05:25","guid":{"rendered":"https:\/\/webshopdistricoscom.webhosting.be\/product\/busch-emeri-marqueur-mini-rose-646-018-ref-8867-555\/"},"modified":"2026-04-28T13:05:31","modified_gmt":"2026-04-28T11:05:31","slug":"busch-emeri-marqueur-mini-rose-646-018-ref-8867-555","status":"publish","type":"product","link":"https:\/\/districos.standingout.be\/fr\/product\/busch-emeri-marqueur-mini-rose-646-018-ref-8867-555\/","title":{"rendered":"Busch \u00c9meri Marqueur Mini Rose 646\/018"},"content":{"rendered":"<p >\n<p dir=ltr>Id\u00e9ale pour les soins plus d\u00e9licats, surtout la manucure ou comme pr\u00e9-polissoir. <\/p>\n<ul> <\/p>\n<li>pour p\u00e9dicure +\/- 28.000 tpm<\/li>\n<p> <\/p>\n<li>pour manucure +\/- 12.000 tpm<\/li>\n<p> <\/ul>\n<p> ATTENTION : Les fraises \u00e9meri et les polissoirs ne peuvent pas \u00eatre expos\u00e9s \u00e0 des temp\u00e9ratures extr\u00eames. Par cons\u00e9quent, on ne peut pas les st\u00e9rilis\u00e9s dans un st\u00e9rilisateur \u00e0 billes et\/ou \u00e0 air chaud. <\/p>\n<ul> <\/p>\n<li>Diam\u00e8tre : 018 <\/li>\n<p> <\/ul><\/p>\n","protected":false},"excerpt":{"rendered":"<p>Id\u00e9ale pour les soins plus d\u00e9licats, surtout la manucure ou comme pr\u00e9-polissoir. pour p\u00e9dicure +\/- 28.000 tpm pour manucure +\/- 12.000 tpm ATTENTION : Les fraises \u00e9meri et les polissoirs ne peuvent pas \u00eatre expos\u00e9s \u00e0 des temp\u00e9ratures extr\u00eames. Par cons\u00e9quent, on ne peut pas les st\u00e9rilis\u00e9s dans un st\u00e9rilisateur \u00e0 billes et\/ou \u00e0 air [&hellip;]<\/p>\n","protected":false},"featured_media":84254,"comment_status":"open","ping_status":"closed","template":"","meta":{"_acf_changed":false},"product_brand":[10322],"product_cat":[10018,9942,10020,10273],"product_tag":[],"class_list":{"0":"post-141767","1":"product","2":"type-product","3":"status-publish","4":"has-post-thumbnail","6":"product_brand-busch-fr","7":"product_cat-soins-des-pieds-podologie-fraises-cuticules","8":"product_cat-beaute-pedicure-fraises","9":"product_cat-soins-des-pieds-podologie-fraises-plaque-ungueale","10":"product_cat-soins-des-pieds-podologie-fraises-toutes-les-fraises","12":"first","13":"instock","14":"taxable","15":"shipping-taxable","16":"product-type-simple"},"acf":[],"yoast_head":"<!-- This site is optimized with the Yoast SEO plugin v27.3 - https:\/\/yoast.com\/product\/yoast-seo-wordpress\/ -->\n<title>Busch \u00c9meri Marqueur Mini Rose 646\/018 - Districos Webshop<\/title>\n<meta name=\"robots\" content=\"noindex, follow, max-snippet:-1, max-image-preview:large, max-video-preview:-1\" \/>\n<meta property=\"og:locale\" content=\"fr_FR\" \/>\n<meta property=\"og:type\" content=\"article\" \/>\n<meta property=\"og:title\" content=\"Busch \u00c9meri Marqueur Mini Rose 646\/018 - Districos Webshop\" \/>\n<meta property=\"og:description\" content=\"Id\u00e9ale pour les soins plus d\u00e9licats, surtout la manucure ou comme pr\u00e9-polissoir. pour p\u00e9dicure +\/- 28.000 tpm pour manucure +\/- 12.000 tpm ATTENTION : Les fraises \u00e9meri et les polissoirs ne peuvent pas \u00eatre expos\u00e9s \u00e0 des temp\u00e9ratures extr\u00eames. Par cons\u00e9quent, on ne peut pas les st\u00e9rilis\u00e9s dans un st\u00e9rilisateur \u00e0 billes et\/ou \u00e0 air [&hellip;]\" \/>\n<meta property=\"og:url\" content=\"https:\/\/districos.standingout.be\/fr\/product\/busch-emeri-marqueur-mini-rose-646-018-ref-8867-555\/\" \/>\n<meta property=\"og:site_name\" content=\"Districos Webshop\" \/>\n<meta property=\"article:modified_time\" content=\"2026-04-28T11:05:31+00:00\" \/>\n<meta name=\"twitter:card\" content=\"summary_large_image\" \/>\n<script type=\"application\/ld+json\" class=\"yoast-schema-graph\">{\"@context\":\"https:\\\/\\\/schema.org\",\"@graph\":[{\"@type\":\"WebPage\",\"@id\":\"https:\\\/\\\/districos.standingout.be\\\/fr\\\/product\\\/busch-emeri-marqueur-mini-rose-646-018-ref-8867-555\\\/\",\"url\":\"https:\\\/\\\/districos.standingout.be\\\/fr\\\/product\\\/busch-emeri-marqueur-mini-rose-646-018-ref-8867-555\\\/\",\"name\":\"Busch \u00c9meri Marqueur Mini Rose 646\\\/018 - Districos Webshop\",\"isPartOf\":{\"@id\":\"https:\\\/\\\/districos.standingout.be\\\/fr\\\/#website\"},\"primaryImageOfPage\":{\"@id\":\"https:\\\/\\\/districos.standingout.be\\\/fr\\\/product\\\/busch-emeri-marqueur-mini-rose-646-018-ref-8867-555\\\/#primaryimage\"},\"image\":{\"@id\":\"https:\\\/\\\/districos.standingout.be\\\/fr\\\/product\\\/busch-emeri-marqueur-mini-rose-646-018-ref-8867-555\\\/#primaryimage\"},\"thumbnailUrl\":\"https:\\\/\\\/districos.standingout.be\\\/wp-content\\\/uploads\\\/2025\\\/07\\\/8867.555@LowRes_0.png\",\"datePublished\":\"2026-04-28T11:05:25+00:00\",\"dateModified\":\"2026-04-28T11:05:31+00:00\",\"breadcrumb\":{\"@id\":\"https:\\\/\\\/districos.standingout.be\\\/fr\\\/product\\\/busch-emeri-marqueur-mini-rose-646-018-ref-8867-555\\\/#breadcrumb\"},\"inLanguage\":\"fr-FR\",\"potentialAction\":[{\"@type\":\"ReadAction\",\"target\":[\"https:\\\/\\\/districos.standingout.be\\\/fr\\\/product\\\/busch-emeri-marqueur-mini-rose-646-018-ref-8867-555\\\/\"]}]},{\"@type\":\"ImageObject\",\"inLanguage\":\"fr-FR\",\"@id\":\"https:\\\/\\\/districos.standingout.be\\\/fr\\\/product\\\/busch-emeri-marqueur-mini-rose-646-018-ref-8867-555\\\/#primaryimage\",\"url\":\"https:\\\/\\\/districos.standingout.be\\\/wp-content\\\/uploads\\\/2025\\\/07\\\/8867.555@LowRes_0.png\",\"contentUrl\":\"https:\\\/\\\/districos.standingout.be\\\/wp-content\\\/uploads\\\/2025\\\/07\\\/8867.555@LowRes_0.png\",\"width\":600,\"height\":600},{\"@type\":\"BreadcrumbList\",\"@id\":\"https:\\\/\\\/districos.standingout.be\\\/fr\\\/product\\\/busch-emeri-marqueur-mini-rose-646-018-ref-8867-555\\\/#breadcrumb\",\"itemListElement\":[{\"@type\":\"ListItem\",\"position\":1,\"name\":\"Home\",\"item\":\"https:\\\/\\\/districos.standingout.be\\\/fr\\\/bienvenue-chez-districos\\\/\"},{\"@type\":\"ListItem\",\"position\":2,\"name\":\"Boutique\",\"item\":\"https:\\\/\\\/districos.standingout.be\\\/fr\\\/boutique\\\/\"},{\"@type\":\"ListItem\",\"position\":3,\"name\":\"Busch \u00c9meri Marqueur Mini Rose 646\\\/018\"}]},{\"@type\":\"WebSite\",\"@id\":\"https:\\\/\\\/districos.standingout.be\\\/fr\\\/#website\",\"url\":\"https:\\\/\\\/districos.standingout.be\\\/fr\\\/\",\"name\":\"Districos Webshop\",\"description\":\"\",\"publisher\":{\"@id\":\"https:\\\/\\\/districos.standingout.be\\\/fr\\\/#organization\"},\"potentialAction\":[{\"@type\":\"SearchAction\",\"target\":{\"@type\":\"EntryPoint\",\"urlTemplate\":\"https:\\\/\\\/districos.standingout.be\\\/fr\\\/?s={search_term_string}\"},\"query-input\":{\"@type\":\"PropertyValueSpecification\",\"valueRequired\":true,\"valueName\":\"search_term_string\"}}],\"inLanguage\":\"fr-FR\"},{\"@type\":\"Organization\",\"@id\":\"https:\\\/\\\/districos.standingout.be\\\/fr\\\/#organization\",\"name\":\"Districos Webshop\",\"url\":\"https:\\\/\\\/districos.standingout.be\\\/fr\\\/\",\"logo\":{\"@type\":\"ImageObject\",\"inLanguage\":\"fr-FR\",\"@id\":\"https:\\\/\\\/districos.standingout.be\\\/fr\\\/#\\\/schema\\\/logo\\\/image\\\/\",\"url\":\"https:\\\/\\\/districos.standingout.be\\\/wp-content\\\/uploads\\\/2022\\\/09\\\/Districos_Logo_Webshop.svg\",\"contentUrl\":\"https:\\\/\\\/districos.standingout.be\\\/wp-content\\\/uploads\\\/2022\\\/09\\\/Districos_Logo_Webshop.svg\",\"caption\":\"Districos Webshop\"},\"image\":{\"@id\":\"https:\\\/\\\/districos.standingout.be\\\/fr\\\/#\\\/schema\\\/logo\\\/image\\\/\"}}]}<\/script>\n<!-- \/ Yoast SEO plugin. -->","yoast_head_json":{"title":"Busch \u00c9meri Marqueur Mini Rose 646\/018 - Districos Webshop","robots":{"index":"noindex","follow":"follow","max-snippet":"max-snippet:-1","max-image-preview":"max-image-preview:large","max-video-preview":"max-video-preview:-1"},"og_locale":"fr_FR","og_type":"article","og_title":"Busch \u00c9meri Marqueur Mini Rose 646\/018 - Districos Webshop","og_description":"Id\u00e9ale pour les soins plus d\u00e9licats, surtout la manucure ou comme pr\u00e9-polissoir. pour p\u00e9dicure +\/- 28.000 tpm pour manucure +\/- 12.000 tpm ATTENTION : Les fraises \u00e9meri et les polissoirs ne peuvent pas \u00eatre expos\u00e9s \u00e0 des temp\u00e9ratures extr\u00eames. Par cons\u00e9quent, on ne peut pas les st\u00e9rilis\u00e9s dans un st\u00e9rilisateur \u00e0 billes et\/ou \u00e0 air [&hellip;]","og_url":"https:\/\/districos.standingout.be\/fr\/product\/busch-emeri-marqueur-mini-rose-646-018-ref-8867-555\/","og_site_name":"Districos Webshop","article_modified_time":"2026-04-28T11:05:31+00:00","twitter_card":"summary_large_image","schema":{"@context":"https:\/\/schema.org","@graph":[{"@type":"WebPage","@id":"https:\/\/districos.standingout.be\/fr\/product\/busch-emeri-marqueur-mini-rose-646-018-ref-8867-555\/","url":"https:\/\/districos.standingout.be\/fr\/product\/busch-emeri-marqueur-mini-rose-646-018-ref-8867-555\/","name":"Busch \u00c9meri Marqueur Mini Rose 646\/018 - Districos Webshop","isPartOf":{"@id":"https:\/\/districos.standingout.be\/fr\/#website"},"primaryImageOfPage":{"@id":"https:\/\/districos.standingout.be\/fr\/product\/busch-emeri-marqueur-mini-rose-646-018-ref-8867-555\/#primaryimage"},"image":{"@id":"https:\/\/districos.standingout.be\/fr\/product\/busch-emeri-marqueur-mini-rose-646-018-ref-8867-555\/#primaryimage"},"thumbnailUrl":"https:\/\/districos.standingout.be\/wp-content\/uploads\/2025\/07\/8867.555@LowRes_0.png","datePublished":"2026-04-28T11:05:25+00:00","dateModified":"2026-04-28T11:05:31+00:00","breadcrumb":{"@id":"https:\/\/districos.standingout.be\/fr\/product\/busch-emeri-marqueur-mini-rose-646-018-ref-8867-555\/#breadcrumb"},"inLanguage":"fr-FR","potentialAction":[{"@type":"ReadAction","target":["https:\/\/districos.standingout.be\/fr\/product\/busch-emeri-marqueur-mini-rose-646-018-ref-8867-555\/"]}]},{"@type":"ImageObject","inLanguage":"fr-FR","@id":"https:\/\/districos.standingout.be\/fr\/product\/busch-emeri-marqueur-mini-rose-646-018-ref-8867-555\/#primaryimage","url":"https:\/\/districos.standingout.be\/wp-content\/uploads\/2025\/07\/8867.555@LowRes_0.png","contentUrl":"https:\/\/districos.standingout.be\/wp-content\/uploads\/2025\/07\/8867.555@LowRes_0.png","width":600,"height":600},{"@type":"BreadcrumbList","@id":"https:\/\/districos.standingout.be\/fr\/product\/busch-emeri-marqueur-mini-rose-646-018-ref-8867-555\/#breadcrumb","itemListElement":[{"@type":"ListItem","position":1,"name":"Home","item":"https:\/\/districos.standingout.be\/fr\/bienvenue-chez-districos\/"},{"@type":"ListItem","position":2,"name":"Boutique","item":"https:\/\/districos.standingout.be\/fr\/boutique\/"},{"@type":"ListItem","position":3,"name":"Busch \u00c9meri Marqueur Mini Rose 646\/018"}]},{"@type":"WebSite","@id":"https:\/\/districos.standingout.be\/fr\/#website","url":"https:\/\/districos.standingout.be\/fr\/","name":"Districos Webshop","description":"","publisher":{"@id":"https:\/\/districos.standingout.be\/fr\/#organization"},"potentialAction":[{"@type":"SearchAction","target":{"@type":"EntryPoint","urlTemplate":"https:\/\/districos.standingout.be\/fr\/?s={search_term_string}"},"query-input":{"@type":"PropertyValueSpecification","valueRequired":true,"valueName":"search_term_string"}}],"inLanguage":"fr-FR"},{"@type":"Organization","@id":"https:\/\/districos.standingout.be\/fr\/#organization","name":"Districos Webshop","url":"https:\/\/districos.standingout.be\/fr\/","logo":{"@type":"ImageObject","inLanguage":"fr-FR","@id":"https:\/\/districos.standingout.be\/fr\/#\/schema\/logo\/image\/","url":"https:\/\/districos.standingout.be\/wp-content\/uploads\/2022\/09\/Districos_Logo_Webshop.svg","contentUrl":"https:\/\/districos.standingout.be\/wp-content\/uploads\/2022\/09\/Districos_Logo_Webshop.svg","caption":"Districos Webshop"},"image":{"@id":"https:\/\/districos.standingout.be\/fr\/#\/schema\/logo\/image\/"}}]}},"_links":{"self":[{"href":"https:\/\/districos.standingout.be\/fr\/wp-json\/wp\/v2\/product\/141767","targetHints":{"allow":["GET"]}}],"collection":[{"href":"https:\/\/districos.standingout.be\/fr\/wp-json\/wp\/v2\/product"}],"about":[{"href":"https:\/\/districos.standingout.be\/fr\/wp-json\/wp\/v2\/types\/product"}],"replies":[{"embeddable":true,"href":"https:\/\/districos.standingout.be\/fr\/wp-json\/wp\/v2\/comments?post=141767"}],"wp:featuredmedia":[{"embeddable":true,"href":"https:\/\/districos.standingout.be\/fr\/wp-json\/wp\/v2\/media\/84254"}],"wp:attachment":[{"href":"https:\/\/districos.standingout.be\/fr\/wp-json\/wp\/v2\/media?parent=141767"}],"wp:term":[{"taxonomy":"product_brand","embeddable":true,"href":"https:\/\/districos.standingout.be\/fr\/wp-json\/wp\/v2\/product_brand?post=141767"},{"taxonomy":"product_cat","embeddable":true,"href":"https:\/\/districos.standingout.be\/fr\/wp-json\/wp\/v2\/product_cat?post=141767"},{"taxonomy":"product_tag","embeddable":true,"href":"https:\/\/districos.standingout.be\/fr\/wp-json\/wp\/v2\/product_tag?post=141767"}],"curies":[{"name":"wp","href":"https:\/\/api.w.org\/{rel}","templated":true}]}}

Busch Émeri Marqueur Mini Rose 646/018

<p >
<p dir=ltr>Idéale pour les soins plus délicats, surtout la manucure ou comme pré-polissoir. </p>
<ul> </p>
<li>pour pédicure +/- 28.000 tpm</li>
<p> </p>
<li>pour manucure +/- 12.000 tpm</li>
<p> </ul>
<p> ATTENTION : Les fraises émeri et les polissoirs ne peuvent pas être exposés à des températures extrêmes. Par conséquent, on ne peut pas les stérilisés dans un stérilisateur à billes et/ou à air chaud. </p>
<ul> </p>
<li>Diamètre : 018 </li>
<p> </ul></p>

<p>Idéale pour les soins plus délicats, surtout la manucure ou comme pré-polissoir. pour pédicure +/- 28.000 tpm pour manucure +/- 12.000 tpm ATTENTION : Les fraises émeri et les polissoirs ne peuvent pas être exposés à des températures extrêmes. Par conséquent, on ne peut pas les stérilisés dans un stérilisateur à billes et/ou à air [&hellip;]</p>

<!-- This site is optimized with the Yoast SEO plugin v27.3 - https://yoast.com/product/yoast-seo-wordpress/ -->
<title>Busch Émeri Marqueur Mini Rose 646/018 - Districos Webshop</title>
<meta name="robots" content="noindex, follow, max-snippet:-1, max-image-preview:large, max-video-preview:-1" />
<meta property="og:locale" content="fr_FR" />
<meta property="og:type" content="article" />
<meta property="og:title" content="Busch Émeri Marqueur Mini Rose 646/018 - Districos Webshop" />
<meta property="og:description" content="Idéale pour les soins plus délicats, surtout la manucure ou comme pré-polissoir. pour pédicure +/- 28.000 tpm pour manucure +/- 12.000 tpm ATTENTION : Les fraises émeri et les polissoirs ne peuvent pas être exposés à des températures extrêmes. Par conséquent, on ne peut pas les stérilisés dans un stérilisateur à billes et/ou à air [&hellip;]" />
<meta property="og:url" content="https://districos.standingout.be/fr/product/busch-emeri-marqueur-mini-rose-646-018-ref-8867-555/" />
<meta property="og:site_name" content="Districos Webshop" />
<meta property="article:modified_time" content="2026-04-28T11:05:31+00:00" />
<meta name="twitter:card" content="summary_large_image" />
<script type="application/ld+json" class="yoast-schema-graph">{"@context":"https:\/\/schema.org","@graph":[{"@type":"WebPage","@id":"https:\/\/districos.standingout.be\/fr\/product\/busch-emeri-marqueur-mini-rose-646-018-ref-8867-555\/","url":"https:\/\/districos.standingout.be\/fr\/product\/busch-emeri-marqueur-mini-rose-646-018-ref-8867-555\/","name":"Busch Émeri Marqueur Mini Rose 646\/018 - Districos Webshop","isPartOf":{"@id":"https:\/\/districos.standingout.be\/fr\/#website"},"primaryImageOfPage":{"@id":"https:\/\/districos.standingout.be\/fr\/product\/busch-emeri-marqueur-mini-rose-646-018-ref-8867-555\/#primaryimage"},"image":{"@id":"https:\/\/districos.standingout.be\/fr\/product\/busch-emeri-marqueur-mini-rose-646-018-ref-8867-555\/#primaryimage"},"thumbnailUrl":"https:\/\/districos.standingout.be\/wp-content\/uploads\/2025\/07\/8867.555@LowRes_0.png","datePublished":"2026-04-28T11:05:25+00:00","dateModified":"2026-04-28T11:05:31+00:00","breadcrumb":{"@id":"https:\/\/districos.standingout.be\/fr\/product\/busch-emeri-marqueur-mini-rose-646-018-ref-8867-555\/#breadcrumb"},"inLanguage":"fr-FR","potentialAction":[{"@type":"ReadAction","target":["https:\/\/districos.standingout.be\/fr\/product\/busch-emeri-marqueur-mini-rose-646-018-ref-8867-555\/"]}]},{"@type":"ImageObject","inLanguage":"fr-FR","@id":"https:\/\/districos.standingout.be\/fr\/product\/busch-emeri-marqueur-mini-rose-646-018-ref-8867-555\/#primaryimage","url":"https:\/\/districos.standingout.be\/wp-content\/uploads\/2025\/07\/8867.555@LowRes_0.png","contentUrl":"https:\/\/districos.standingout.be\/wp-content\/uploads\/2025\/07\/8867.555@LowRes_0.png","width":600,"height":600},{"@type":"BreadcrumbList","@id":"https:\/\/districos.standingout.be\/fr\/product\/busch-emeri-marqueur-mini-rose-646-018-ref-8867-555\/#breadcrumb","itemListElement":[{"@type":"ListItem","position":1,"name":"Home","item":"https:\/\/districos.standingout.be\/fr\/bienvenue-chez-districos\/"},{"@type":"ListItem","position":2,"name":"Boutique","item":"https:\/\/districos.standingout.be\/fr\/boutique\/"},{"@type":"ListItem","position":3,"name":"Busch Émeri Marqueur Mini Rose 646\/018"}]},{"@type":"WebSite","@id":"https:\/\/districos.standingout.be\/fr\/#website","url":"https:\/\/districos.standingout.be\/fr\/","name":"Districos Webshop","description":"","publisher":{"@id":"https:\/\/districos.standingout.be\/fr\/#organization"},"potentialAction":[{"@type":"SearchAction","target":{"@type":"EntryPoint","urlTemplate":"https:\/\/districos.standingout.be\/fr\/?s={search_term_string}"},"query-input":{"@type":"PropertyValueSpecification","valueRequired":true,"valueName":"search_term_string"}}],"inLanguage":"fr-FR"},{"@type":"Organization","@id":"https:\/\/districos.standingout.be\/fr\/#organization","name":"Districos Webshop","url":"https:\/\/districos.standingout.be\/fr\/","logo":{"@type":"ImageObject","inLanguage":"fr-FR","@id":"https:\/\/districos.standingout.be\/fr\/#\/schema\/logo\/image\/","url":"https:\/\/districos.standingout.be\/wp-content\/uploads\/2022\/09\/Districos_Logo_Webshop.svg","contentUrl":"https:\/\/districos.standingout.be\/wp-content\/uploads\/2022\/09\/Districos_Logo_Webshop.svg","caption":"Districos Webshop"},"image":{"@id":"https:\/\/districos.standingout.be\/fr\/#\/schema\/logo\/image\/"}}]}</script>
<!-- / Yoast SEO plugin. -->

Busch Émeri Marqueur Mini Rose 646/018 - Districos Webshop

Idéale pour les soins plus délicats, surtout la manucure ou comme pré-polissoir. pour pédicure +/- 28.000 tpm pour manucure +/- 12.000 tpm ATTENTION : Les fraises émeri et les polissoirs ne peuvent pas être exposés à des températures extrêmes. Par conséquent, on ne peut pas les stérilisés dans un stérilisateur à billes et/ou à air [&hellip;]
