{"id":143023,"date":"2026-04-28T14:31:31","date_gmt":"2026-04-28T12:31:31","guid":{"rendered":"https:\/\/webshopdistricoscom.webhosting.be\/product\/affiche-presentoir-color-me-printemps-248-x-207-mm-ref-y060-135\/"},"modified":"2026-04-28T14:31:34","modified_gmt":"2026-04-28T12:31:34","slug":"affiche-presentoir-color-me-printemps-248-x-207-mm-ref-y060-135","status":"publish","type":"product","link":"https:\/\/districos.standingout.be\/fr\/product\/affiche-presentoir-color-me-printemps-248-x-207-mm-ref-y060-135\/","title":{"rendered":"Affiche Pr\u00e9sentoir Color Me Printemps &#8211; 248 x 207 mm"},"content":{"rendered":"<p >\n<\/p>\n<\/p>\n<\/p>\n<p><span lang=\"FR-BE\">Poster pour la collection de printemps de Color Me. Sp\u00e9cialement con\u00e7u pour \u00eatre int\u00e9gr\u00e9 dans le pr\u00e9sentoir acrylique de Crisnail (<a href=\"https:\/\/webshop.districos.com\/ProductDetail\/8946.901\" target=\"_blank\" rel=\"noopener noreferrer nofollow\">r\u00e9f. 8946.901<\/a><\/span><span lang=\"FR-BE\">).<\/span><\/p>\n","protected":false},"excerpt":{"rendered":"<p>Poster pour la collection de printemps de Color Me. Sp\u00e9cialement con\u00e7u pour \u00eatre int\u00e9gr\u00e9 dans le pr\u00e9sentoir acrylique de Crisnail (r\u00e9f. 8946.901).<\/p>\n","protected":false},"featured_media":149114,"comment_status":"open","ping_status":"closed","template":"","meta":{"_acf_changed":false},"product_brand":[10344],"product_cat":[10226],"product_tag":[],"class_list":{"0":"post-143023","1":"product","2":"type-product","3":"status-publish","4":"has-post-thumbnail","6":"product_brand-color-me-crisnail-fr","7":"product_cat-promotions-promotions-materiel-promotionnel","9":"first","10":"instock","11":"taxable","12":"shipping-taxable","13":"product-type-simple"},"acf":[],"yoast_head":"<!-- This site is optimized with the Yoast SEO plugin v27.3 - https:\/\/yoast.com\/product\/yoast-seo-wordpress\/ -->\n<title>Affiche Pr\u00e9sentoir Color Me Printemps - 248 x 207 mm - Districos Webshop<\/title>\n<meta name=\"robots\" content=\"noindex, follow, max-snippet:-1, max-image-preview:large, max-video-preview:-1\" \/>\n<meta property=\"og:locale\" content=\"fr_FR\" \/>\n<meta property=\"og:type\" content=\"article\" \/>\n<meta property=\"og:title\" content=\"Affiche Pr\u00e9sentoir Color Me Printemps - 248 x 207 mm - Districos Webshop\" \/>\n<meta property=\"og:description\" content=\"Poster pour la collection de printemps de Color Me. Sp\u00e9cialement con\u00e7u pour \u00eatre int\u00e9gr\u00e9 dans le pr\u00e9sentoir acrylique de Crisnail (r\u00e9f. 8946.901).\" \/>\n<meta property=\"og:url\" content=\"https:\/\/districos.standingout.be\/fr\/product\/affiche-presentoir-color-me-printemps-248-x-207-mm-ref-y060-135\/\" \/>\n<meta property=\"og:site_name\" content=\"Districos Webshop\" \/>\n<meta property=\"article:modified_time\" content=\"2026-04-28T12:31:34+00:00\" \/>\n<meta name=\"twitter:card\" content=\"summary_large_image\" \/>\n<script type=\"application\/ld+json\" class=\"yoast-schema-graph\">{\"@context\":\"https:\\\/\\\/schema.org\",\"@graph\":[{\"@type\":\"WebPage\",\"@id\":\"https:\\\/\\\/districos.standingout.be\\\/fr\\\/product\\\/affiche-presentoir-color-me-printemps-248-x-207-mm-ref-y060-135\\\/\",\"url\":\"https:\\\/\\\/districos.standingout.be\\\/fr\\\/product\\\/affiche-presentoir-color-me-printemps-248-x-207-mm-ref-y060-135\\\/\",\"name\":\"Affiche Pr\u00e9sentoir Color Me Printemps - 248 x 207 mm - Districos Webshop\",\"isPartOf\":{\"@id\":\"https:\\\/\\\/districos.standingout.be\\\/fr\\\/#website\"},\"primaryImageOfPage\":{\"@id\":\"https:\\\/\\\/districos.standingout.be\\\/fr\\\/product\\\/affiche-presentoir-color-me-printemps-248-x-207-mm-ref-y060-135\\\/#primaryimage\"},\"image\":{\"@id\":\"https:\\\/\\\/districos.standingout.be\\\/fr\\\/product\\\/affiche-presentoir-color-me-printemps-248-x-207-mm-ref-y060-135\\\/#primaryimage\"},\"thumbnailUrl\":\"https:\\\/\\\/districos.standingout.be\\\/wp-content\\\/uploads\\\/2026\\\/04\\\/Y060.135@Display-Poster-Color-Me-Lente-248-x-207-mm_1.png\",\"datePublished\":\"2026-04-28T12:31:31+00:00\",\"dateModified\":\"2026-04-28T12:31:34+00:00\",\"breadcrumb\":{\"@id\":\"https:\\\/\\\/districos.standingout.be\\\/fr\\\/product\\\/affiche-presentoir-color-me-printemps-248-x-207-mm-ref-y060-135\\\/#breadcrumb\"},\"inLanguage\":\"fr-FR\",\"potentialAction\":[{\"@type\":\"ReadAction\",\"target\":[\"https:\\\/\\\/districos.standingout.be\\\/fr\\\/product\\\/affiche-presentoir-color-me-printemps-248-x-207-mm-ref-y060-135\\\/\"]}]},{\"@type\":\"ImageObject\",\"inLanguage\":\"fr-FR\",\"@id\":\"https:\\\/\\\/districos.standingout.be\\\/fr\\\/product\\\/affiche-presentoir-color-me-printemps-248-x-207-mm-ref-y060-135\\\/#primaryimage\",\"url\":\"https:\\\/\\\/districos.standingout.be\\\/wp-content\\\/uploads\\\/2026\\\/04\\\/Y060.135@Display-Poster-Color-Me-Lente-248-x-207-mm_1.png\",\"contentUrl\":\"https:\\\/\\\/districos.standingout.be\\\/wp-content\\\/uploads\\\/2026\\\/04\\\/Y060.135@Display-Poster-Color-Me-Lente-248-x-207-mm_1.png\",\"width\":600,\"height\":600},{\"@type\":\"BreadcrumbList\",\"@id\":\"https:\\\/\\\/districos.standingout.be\\\/fr\\\/product\\\/affiche-presentoir-color-me-printemps-248-x-207-mm-ref-y060-135\\\/#breadcrumb\",\"itemListElement\":[{\"@type\":\"ListItem\",\"position\":1,\"name\":\"Home\",\"item\":\"https:\\\/\\\/districos.standingout.be\\\/fr\\\/bienvenue-chez-districos\\\/\"},{\"@type\":\"ListItem\",\"position\":2,\"name\":\"Boutique\",\"item\":\"https:\\\/\\\/districos.standingout.be\\\/fr\\\/boutique\\\/\"},{\"@type\":\"ListItem\",\"position\":3,\"name\":\"Affiche Pr\u00e9sentoir Color Me Printemps &#8211; 248 x 207 mm\"}]},{\"@type\":\"WebSite\",\"@id\":\"https:\\\/\\\/districos.standingout.be\\\/fr\\\/#website\",\"url\":\"https:\\\/\\\/districos.standingout.be\\\/fr\\\/\",\"name\":\"Districos Webshop\",\"description\":\"\",\"publisher\":{\"@id\":\"https:\\\/\\\/districos.standingout.be\\\/fr\\\/#organization\"},\"potentialAction\":[{\"@type\":\"SearchAction\",\"target\":{\"@type\":\"EntryPoint\",\"urlTemplate\":\"https:\\\/\\\/districos.standingout.be\\\/fr\\\/?s={search_term_string}\"},\"query-input\":{\"@type\":\"PropertyValueSpecification\",\"valueRequired\":true,\"valueName\":\"search_term_string\"}}],\"inLanguage\":\"fr-FR\"},{\"@type\":\"Organization\",\"@id\":\"https:\\\/\\\/districos.standingout.be\\\/fr\\\/#organization\",\"name\":\"Districos Webshop\",\"url\":\"https:\\\/\\\/districos.standingout.be\\\/fr\\\/\",\"logo\":{\"@type\":\"ImageObject\",\"inLanguage\":\"fr-FR\",\"@id\":\"https:\\\/\\\/districos.standingout.be\\\/fr\\\/#\\\/schema\\\/logo\\\/image\\\/\",\"url\":\"https:\\\/\\\/districos.standingout.be\\\/wp-content\\\/uploads\\\/2022\\\/09\\\/Districos_Logo_Webshop.svg\",\"contentUrl\":\"https:\\\/\\\/districos.standingout.be\\\/wp-content\\\/uploads\\\/2022\\\/09\\\/Districos_Logo_Webshop.svg\",\"caption\":\"Districos Webshop\"},\"image\":{\"@id\":\"https:\\\/\\\/districos.standingout.be\\\/fr\\\/#\\\/schema\\\/logo\\\/image\\\/\"}}]}<\/script>\n<!-- \/ Yoast SEO plugin. -->","yoast_head_json":{"title":"Affiche Pr\u00e9sentoir Color Me Printemps - 248 x 207 mm - Districos Webshop","robots":{"index":"noindex","follow":"follow","max-snippet":"max-snippet:-1","max-image-preview":"max-image-preview:large","max-video-preview":"max-video-preview:-1"},"og_locale":"fr_FR","og_type":"article","og_title":"Affiche Pr\u00e9sentoir Color Me Printemps - 248 x 207 mm - Districos Webshop","og_description":"Poster pour la collection de printemps de Color Me. Sp\u00e9cialement con\u00e7u pour \u00eatre int\u00e9gr\u00e9 dans le pr\u00e9sentoir acrylique de Crisnail (r\u00e9f. 8946.901).","og_url":"https:\/\/districos.standingout.be\/fr\/product\/affiche-presentoir-color-me-printemps-248-x-207-mm-ref-y060-135\/","og_site_name":"Districos Webshop","article_modified_time":"2026-04-28T12:31:34+00:00","twitter_card":"summary_large_image","schema":{"@context":"https:\/\/schema.org","@graph":[{"@type":"WebPage","@id":"https:\/\/districos.standingout.be\/fr\/product\/affiche-presentoir-color-me-printemps-248-x-207-mm-ref-y060-135\/","url":"https:\/\/districos.standingout.be\/fr\/product\/affiche-presentoir-color-me-printemps-248-x-207-mm-ref-y060-135\/","name":"Affiche Pr\u00e9sentoir Color Me Printemps - 248 x 207 mm - Districos Webshop","isPartOf":{"@id":"https:\/\/districos.standingout.be\/fr\/#website"},"primaryImageOfPage":{"@id":"https:\/\/districos.standingout.be\/fr\/product\/affiche-presentoir-color-me-printemps-248-x-207-mm-ref-y060-135\/#primaryimage"},"image":{"@id":"https:\/\/districos.standingout.be\/fr\/product\/affiche-presentoir-color-me-printemps-248-x-207-mm-ref-y060-135\/#primaryimage"},"thumbnailUrl":"https:\/\/districos.standingout.be\/wp-content\/uploads\/2026\/04\/Y060.135@Display-Poster-Color-Me-Lente-248-x-207-mm_1.png","datePublished":"2026-04-28T12:31:31+00:00","dateModified":"2026-04-28T12:31:34+00:00","breadcrumb":{"@id":"https:\/\/districos.standingout.be\/fr\/product\/affiche-presentoir-color-me-printemps-248-x-207-mm-ref-y060-135\/#breadcrumb"},"inLanguage":"fr-FR","potentialAction":[{"@type":"ReadAction","target":["https:\/\/districos.standingout.be\/fr\/product\/affiche-presentoir-color-me-printemps-248-x-207-mm-ref-y060-135\/"]}]},{"@type":"ImageObject","inLanguage":"fr-FR","@id":"https:\/\/districos.standingout.be\/fr\/product\/affiche-presentoir-color-me-printemps-248-x-207-mm-ref-y060-135\/#primaryimage","url":"https:\/\/districos.standingout.be\/wp-content\/uploads\/2026\/04\/Y060.135@Display-Poster-Color-Me-Lente-248-x-207-mm_1.png","contentUrl":"https:\/\/districos.standingout.be\/wp-content\/uploads\/2026\/04\/Y060.135@Display-Poster-Color-Me-Lente-248-x-207-mm_1.png","width":600,"height":600},{"@type":"BreadcrumbList","@id":"https:\/\/districos.standingout.be\/fr\/product\/affiche-presentoir-color-me-printemps-248-x-207-mm-ref-y060-135\/#breadcrumb","itemListElement":[{"@type":"ListItem","position":1,"name":"Home","item":"https:\/\/districos.standingout.be\/fr\/bienvenue-chez-districos\/"},{"@type":"ListItem","position":2,"name":"Boutique","item":"https:\/\/districos.standingout.be\/fr\/boutique\/"},{"@type":"ListItem","position":3,"name":"Affiche Pr\u00e9sentoir Color Me Printemps &#8211; 248 x 207 mm"}]},{"@type":"WebSite","@id":"https:\/\/districos.standingout.be\/fr\/#website","url":"https:\/\/districos.standingout.be\/fr\/","name":"Districos Webshop","description":"","publisher":{"@id":"https:\/\/districos.standingout.be\/fr\/#organization"},"potentialAction":[{"@type":"SearchAction","target":{"@type":"EntryPoint","urlTemplate":"https:\/\/districos.standingout.be\/fr\/?s={search_term_string}"},"query-input":{"@type":"PropertyValueSpecification","valueRequired":true,"valueName":"search_term_string"}}],"inLanguage":"fr-FR"},{"@type":"Organization","@id":"https:\/\/districos.standingout.be\/fr\/#organization","name":"Districos Webshop","url":"https:\/\/districos.standingout.be\/fr\/","logo":{"@type":"ImageObject","inLanguage":"fr-FR","@id":"https:\/\/districos.standingout.be\/fr\/#\/schema\/logo\/image\/","url":"https:\/\/districos.standingout.be\/wp-content\/uploads\/2022\/09\/Districos_Logo_Webshop.svg","contentUrl":"https:\/\/districos.standingout.be\/wp-content\/uploads\/2022\/09\/Districos_Logo_Webshop.svg","caption":"Districos Webshop"},"image":{"@id":"https:\/\/districos.standingout.be\/fr\/#\/schema\/logo\/image\/"}}]}},"_links":{"self":[{"href":"https:\/\/districos.standingout.be\/fr\/wp-json\/wp\/v2\/product\/143023","targetHints":{"allow":["GET"]}}],"collection":[{"href":"https:\/\/districos.standingout.be\/fr\/wp-json\/wp\/v2\/product"}],"about":[{"href":"https:\/\/districos.standingout.be\/fr\/wp-json\/wp\/v2\/types\/product"}],"replies":[{"embeddable":true,"href":"https:\/\/districos.standingout.be\/fr\/wp-json\/wp\/v2\/comments?post=143023"}],"wp:featuredmedia":[{"embeddable":true,"href":"https:\/\/districos.standingout.be\/fr\/wp-json\/wp\/v2\/media\/149114"}],"wp:attachment":[{"href":"https:\/\/districos.standingout.be\/fr\/wp-json\/wp\/v2\/media?parent=143023"}],"wp:term":[{"taxonomy":"product_brand","embeddable":true,"href":"https:\/\/districos.standingout.be\/fr\/wp-json\/wp\/v2\/product_brand?post=143023"},{"taxonomy":"product_cat","embeddable":true,"href":"https:\/\/districos.standingout.be\/fr\/wp-json\/wp\/v2\/product_cat?post=143023"},{"taxonomy":"product_tag","embeddable":true,"href":"https:\/\/districos.standingout.be\/fr\/wp-json\/wp\/v2\/product_tag?post=143023"}],"curies":[{"name":"wp","href":"https:\/\/api.w.org\/{rel}","templated":true}]}}

Affiche Présentoir Color Me Printemps &#8211; 248 x 207 mm

<p >
</p>
</p>
</p>
<p><span lang="FR-BE">Poster pour la collection de printemps de Color Me. Spécialement conçu pour être intégré dans le présentoir acrylique de Crisnail (<a href="https://webshop.districos.com/ProductDetail/8946.901" target="_blank" rel="noopener noreferrer nofollow">réf. 8946.901</a></span><span lang="FR-BE">).</span></p>

<p>Poster pour la collection de printemps de Color Me. Spécialement conçu pour être intégré dans le présentoir acrylique de Crisnail (réf. 8946.901).</p>

<!-- This site is optimized with the Yoast SEO plugin v27.3 - https://yoast.com/product/yoast-seo-wordpress/ -->
<title>Affiche Présentoir Color Me Printemps - 248 x 207 mm - Districos Webshop</title>
<meta name="robots" content="noindex, follow, max-snippet:-1, max-image-preview:large, max-video-preview:-1" />
<meta property="og:locale" content="fr_FR" />
<meta property="og:type" content="article" />
<meta property="og:title" content="Affiche Présentoir Color Me Printemps - 248 x 207 mm - Districos Webshop" />
<meta property="og:description" content="Poster pour la collection de printemps de Color Me. Spécialement conçu pour être intégré dans le présentoir acrylique de Crisnail (réf. 8946.901)." />
<meta property="og:url" content="https://districos.standingout.be/fr/product/affiche-presentoir-color-me-printemps-248-x-207-mm-ref-y060-135/" />
<meta property="og:site_name" content="Districos Webshop" />
<meta property="article:modified_time" content="2026-04-28T12:31:34+00:00" />
<meta name="twitter:card" content="summary_large_image" />
<script type="application/ld+json" class="yoast-schema-graph">{"@context":"https:\/\/schema.org","@graph":[{"@type":"WebPage","@id":"https:\/\/districos.standingout.be\/fr\/product\/affiche-presentoir-color-me-printemps-248-x-207-mm-ref-y060-135\/","url":"https:\/\/districos.standingout.be\/fr\/product\/affiche-presentoir-color-me-printemps-248-x-207-mm-ref-y060-135\/","name":"Affiche Présentoir Color Me Printemps - 248 x 207 mm - Districos Webshop","isPartOf":{"@id":"https:\/\/districos.standingout.be\/fr\/#website"},"primaryImageOfPage":{"@id":"https:\/\/districos.standingout.be\/fr\/product\/affiche-presentoir-color-me-printemps-248-x-207-mm-ref-y060-135\/#primaryimage"},"image":{"@id":"https:\/\/districos.standingout.be\/fr\/product\/affiche-presentoir-color-me-printemps-248-x-207-mm-ref-y060-135\/#primaryimage"},"thumbnailUrl":"https:\/\/districos.standingout.be\/wp-content\/uploads\/2026\/04\/Y060.135@Display-Poster-Color-Me-Lente-248-x-207-mm_1.png","datePublished":"2026-04-28T12:31:31+00:00","dateModified":"2026-04-28T12:31:34+00:00","breadcrumb":{"@id":"https:\/\/districos.standingout.be\/fr\/product\/affiche-presentoir-color-me-printemps-248-x-207-mm-ref-y060-135\/#breadcrumb"},"inLanguage":"fr-FR","potentialAction":[{"@type":"ReadAction","target":["https:\/\/districos.standingout.be\/fr\/product\/affiche-presentoir-color-me-printemps-248-x-207-mm-ref-y060-135\/"]}]},{"@type":"ImageObject","inLanguage":"fr-FR","@id":"https:\/\/districos.standingout.be\/fr\/product\/affiche-presentoir-color-me-printemps-248-x-207-mm-ref-y060-135\/#primaryimage","url":"https:\/\/districos.standingout.be\/wp-content\/uploads\/2026\/04\/Y060.135@Display-Poster-Color-Me-Lente-248-x-207-mm_1.png","contentUrl":"https:\/\/districos.standingout.be\/wp-content\/uploads\/2026\/04\/Y060.135@Display-Poster-Color-Me-Lente-248-x-207-mm_1.png","width":600,"height":600},{"@type":"BreadcrumbList","@id":"https:\/\/districos.standingout.be\/fr\/product\/affiche-presentoir-color-me-printemps-248-x-207-mm-ref-y060-135\/#breadcrumb","itemListElement":[{"@type":"ListItem","position":1,"name":"Home","item":"https:\/\/districos.standingout.be\/fr\/bienvenue-chez-districos\/"},{"@type":"ListItem","position":2,"name":"Boutique","item":"https:\/\/districos.standingout.be\/fr\/boutique\/"},{"@type":"ListItem","position":3,"name":"Affiche Présentoir Color Me Printemps &#8211; 248 x 207 mm"}]},{"@type":"WebSite","@id":"https:\/\/districos.standingout.be\/fr\/#website","url":"https:\/\/districos.standingout.be\/fr\/","name":"Districos Webshop","description":"","publisher":{"@id":"https:\/\/districos.standingout.be\/fr\/#organization"},"potentialAction":[{"@type":"SearchAction","target":{"@type":"EntryPoint","urlTemplate":"https:\/\/districos.standingout.be\/fr\/?s={search_term_string}"},"query-input":{"@type":"PropertyValueSpecification","valueRequired":true,"valueName":"search_term_string"}}],"inLanguage":"fr-FR"},{"@type":"Organization","@id":"https:\/\/districos.standingout.be\/fr\/#organization","name":"Districos Webshop","url":"https:\/\/districos.standingout.be\/fr\/","logo":{"@type":"ImageObject","inLanguage":"fr-FR","@id":"https:\/\/districos.standingout.be\/fr\/#\/schema\/logo\/image\/","url":"https:\/\/districos.standingout.be\/wp-content\/uploads\/2022\/09\/Districos_Logo_Webshop.svg","contentUrl":"https:\/\/districos.standingout.be\/wp-content\/uploads\/2022\/09\/Districos_Logo_Webshop.svg","caption":"Districos Webshop"},"image":{"@id":"https:\/\/districos.standingout.be\/fr\/#\/schema\/logo\/image\/"}}]}</script>
<!-- / Yoast SEO plugin. -->

Affiche Présentoir Color Me Printemps - 248 x 207 mm - Districos Webshop

Poster pour la collection de printemps de Color Me. Spécialement conçu pour être intégré dans le présentoir acrylique de Crisnail (réf. 8946.901).
